10). Suppose -n + 3 = -w. Suppose 0 = n*o - 11*o + 1148. Is o a prime number?
False
Let v be (-6)/(-15)*(2 + -7). Let s be v - (724*-1 - 0). Suppose 0 = -4*n + 2*d + 190 + 392, 5*n + 3*d - s = 0. Is n a composite number?
True
Let q(s) = -21*s + 9637. Is q(0) a prime number?
False
Let m = -50 - -52. Suppose -m*v = 5*v - 903. Is v composite?
True
Let q be (-1)/4 - 8/(-32). Suppose q = l - 2*l. Is 29*(l + 17 - 4) composite?
True
Let t be (5 - -1) + 13 + -17. Suppose 1319 + 323 = t*u. Is u a composite number?
False
Let g(j) = -11 + 0*j**2 + 6*j**2 + 7*j + 6*j**2 + j**3. Suppose -7*t - 45 = -2*t. Is g(t) prime?
False
Suppose 25 = 3*l + 65*m - 60*m, -2*l - m + 26 = 0. Let h(c) = 7 - c**3 + 0 + 5*c + c + 15*c**2. Is h(l) a composite number?
False
Let a(v) = v - 5. Let n be a(8). Suppose -2*t = -3*q + 16, 4*q + 5*t + 2 = n*t. Suppose 3*d - 996 = -0*d + c, q*d + 4*c - 650 = 0. Is d a prime number?
True
Let j(u) = 2*u + 19. Let w be j(-8). Suppose -w*y - 2*o - 62 = 87, 5*y = 4*o - 285. Is ((-2)/(-1) - 3)*y a composite number?
False
Suppose -5*j = -5 - 0. Let p be 2 + 1 + 1 - j. Suppose p*m + 22 = 259. Is m composite?
False
Let c(j) = 18*j**2 - 11*j + 7. Let k(r) = -r + 4. Let x be k(0). Is c(x) composite?
False
Let p(q) = -q**3 - 60*q**2 - 136*q + 57. Is p(-58) a prime number?
True
Suppose 15867 = 7*v - 3824. Is v a composite number?
True
Let g(w) = -8219*w**3 - 2*w**2 - w. Let t be g(-1). Suppose -12*f = 2806 - t. Is f a prime number?
False
Let i(k) = 166*k**3 - 4*k**2 - 7*k + 23. Is i(6) a composite number?
True
Let m = 192 + -306. Let k = 275 + m. Is k a prime number?
False
Let z(l) = 2*l**3 - 5*l**2 - l + 1. Let q be z(4). Is 12996/q - (-2)/10 a prime number?
False
Suppose -5*m + 52 = -3. Suppose 4*v + 0*g + 4 = 4*g, -2*g + 3 = -3*v. Let w = m + v. Is w a prime number?
False
Suppose 0 = 2*l - 5*s + 10459 - 32606, -1 = s. Is l a prime number?
True
Let u(x) = 628*x**3 + 2*x**2 - 3*x + 2. Suppose -18*r + 10 = -8*r. Is u(r) composite?
True
Let f = -3949 - -7028. Is f a composite number?
False
Let b(a) = a**3 + 12*a**2 + 12*a. Let u be b(-11). Is 2342/8 - (-3 + u/(-4)) a prime number?
True
Let r = -1045 + 1719. Is r a prime number?
False
Suppose 4*d - 6 = -5*h, 4*d - 2 = d - 5*h. Suppose 2*p + d*n = -8, -2*p - 4*n = -4*p. Let k(y) = 226*y**2 - 3*y - 5. Is k(p) composite?
True
Let g = 54645 + -36282. Is g a composite number?
True
Let w = 15 + -12. Let m be 54*w + (-6)/(-2). Let k = m + -16. Is k a prime number?
True
Let d(c) = -243*c + 5. Let f(r) = -243*r + 6. Let t(z) = -5*d(z) + 4*f(z). Let l be t(3). Suppose 5*w - 3583 = 4*p, -p + 4*p = -w + l. Is w a composite number?
False
Is (-2 - (-12)/4)*(-12143)/(-1) a prime number?
True
Suppose 0*r - 3*r = -36. Let n = 13 - r. Is 317*((4 - n) + -2) prime?
True
Suppose -4*d + 6 = 4*z - z, 4*z + 5 = -d. Let f(v) = -204*v + 11. Is f(z) a prime number?
True
Suppose -3*r - 58483 = -24*t + 22*t, -5*r = 3*t - 87734. Is t a prime number?
True
Suppose -9 = -i - 2*i. Is (826/i)/(6/9) composite?
True
Let h(o) = o + 8. Let x(j) = 5*j**2 - 4*j + 1. Let d be x(3). Let q be (d/4)/((-2)/(-4)). Is h(q) a prime number?
False
Let g(d) = -d**3 - 5*d**2 - 14*d + 14. Let x be g(-11). Suppose 0*s = 6*s - x. Is s composite?
False
Is (-46)/(-115)*(-443510)/(-4) a prime number?
True
Let j(y) = -y**3 - 4*y**2 - 3*y + 4. Let r be j(-3). Let u = -28 - -302. Suppose u = -2*q + 3*q + 5*m, 4*m = r. Is q composite?
False
Let r be (1 + 9)/((-18)/(-12708)). Let l = r - 4127. Is l a composite number?
True
Let d = -4 + -1. Let a(p) = p**3 + 4*p**2 - 4*p. Let f be a(d). Let k(n) = 2*n**2 + 2*n - 3. Is k(f) a prime number?
True
Let u(b) = -40*b**3 - 2*b**2 + 6*b + 13. Let q(x) = -40*x**3 - 2*x**2 + 7*x + 14. Let s(g) = -2*q(g) + 3*u(g). Is s(-3) prime?
True
Suppose 3*g + 3*v - 570 - 5583 = 0, 0 = -4*g - 3*v + 8206. Is g prime?
True
Suppose 143*s - 25322 = 121*s. Is s prime?
True
Suppose 17*z - 5*z - 37524 = 0. Is z composite?
True
Suppose 9 = -3*a - 6*a. Is a/4 - (-18123)/28 composite?
False
Suppose -6 = -2*l + 6. Let k(m) = 279 - m + 12*m - 280 + 56*m. Is k(l) a prime number?
True
Suppose 4*f = f - 42. Let i = f - 7. Let z = 14 - i. Is z composite?
True
Suppose -3*u + 105697 = -f + 328109, 2*u = -5*f + 1112077. Is f a composite number?
True
Let h(q) = -q**3 - 11*q**2 + 10*q + 12. Let m be h(-10). Let k = -274 - m. Let y = k - -177. Is y a composite number?
True
Let w(j) = -j**3 + j + 1. Let d be w(0). Let t(r) = -r - 10. Let q be t(-10). Is q - d - (8 + -286) a composite number?
False
Suppose -3*c + 14 - 47 = 0. Let q = c - -9. Is 3*94*q/(-6) a composite number?
True
Let o(u) be the second derivative of 17*u**4/2 + u**3/3 - u**2/2 - 9*u. Suppose 6*v - 16 = 3*v - 2*y, 3*y = 3*v + 9. Is o(v) a prime number?
False
Let j(t) = -21*t**2 + 4*t - 9. Let z be j(-8). Let l = -907 - z. Is l a composite number?
True
Suppose -2*d = -2, -4*b = 2*d - 2 - 0. Let m(c) = c**2 + 4*c + 4. Let a be m(-4). Suppose a*r - 208 + 52 = b. Is r a prime number?
False
Suppose 8*l - 13732 = 57876. Is l composite?
False
Suppose 4*h - 2*h - 5*q - 31789 = 0, -3*h = 4*q - 47741. Is h a composite number?
False
Let v(g) = -223*g - 122. Is v(-13) a prime number?
True
Suppose 4*w + 25 = 5*b - 7, -w = -2*b + 11. Suppose -4*n + 60 = -3*u, b*n + 4 = -u + 48. Is 459/n + (-3)/12 a composite number?
True
Is ((-8)/(-28))/((-2)/(-438613)) a composite number?
False
Suppose 5*s = 1636 + 2594. Suppose -5*c + s = -10819. Is c a composite number?
False
Let l(a) = -3*a. Let u be l(0). Let v be (1 + u)*5 - 2. Suppose m = -4*s - v*m + 1036, 4*m - 265 = -s. Is s a prime number?
True
Suppose 0 = 6*b - 10*b + 96. Is ((-9708)/b)/((-1)/2) prime?
True
Let w be 0/((-8)/(2 - -2)). Let o be 176/48 + 8/6. Suppose w = 3*h - o*h + 106. Is h prime?
True
Suppose -3*j + 6 = -4*f, 2*f - 4*j + 8 = -2*f. Let s be 2 + (f - (-32)/4). Is (-4 + 45/s)*26 a prime number?
True
Let h(s) = 7*s**2 + 12*s - 6. Is h(31) a prime number?
False
Let z(g) be the second derivative of -1/2*g**3 - 1/20*g**5 + 4*g**2 + 0 - 5/12*g**4 + 8*g. Is z(-5) a composite number?
False
Is (-21895)/(-3) + (-148)/111 a prime number?
True
Let o be 138 - 0 - 20/(2 + -7). Suppose 0 = o*j - 137*j - 1285. Is j prime?
True
Let o be -4 + 5 + (2 - 19). Let t = 20 + o. Suppose 0*v - 5*v = 20, -v - 2888 = -t*w. Is w prime?
False
Let w = 3474 + -1613. Is w prime?
True
Suppose 7*d = -2*d + 43119. Is d prime?
False
Let k(o) = -7*o + 46. Let c be k(6). Suppose 5*d + 396 = x, c*d + 20 = -0. Is x a prime number?
False
Suppose -k + 0*k + 3*u + 9 = 0, -5*u = -k + 17. Let n be k - -4*(-40)/(-4). Suppose 3*p = -4*a + 148, -n = 3*a - 4*a - 5*p. Is a prime?
True
Let w = 6077 + 272. Is w composite?
True
Let o(h) = 1468*h - 107. Is o(5) prime?
False
Let m(p) = 1230*p - 109. Is m(7) a composite number?
False
Let q = 5909 + 6854. Is q prime?
True
Let c = 3 + 63. Let b be (c/4)/((-9)/(-168)). Suppose m = -3*m + b. Is m a prime number?
False
Let a(r) = -22*r + 4 + 25*r - 27 - 62*r. Is a(-6) composite?
False
Is (5 - -4271)*9/36 composite?
False
Let m be (1 - -796)*(-7 - -3). Let d(b) = -b**2 - 3. Let z be d(-3). Is (-2)/z + m/(-24) a prime number?
False
Let s be (-3)/((0 + 3)/(-6)). Suppose -7*k = -s*k + 6. Is 122/(3*k/(-63)) prime?
False
Let d be ((-72)/10)/(27/(-5) + 5). Suppose w - 4*m - d = 0, -4*w = -w - 5*m - 47. Is w composite?
True
Suppose -1654 - 7870 = -4*h. Let g = -1596 + h. Is g prime?
False
Suppose 14*x + 52 = x. Suppose -c - 4*c + 10 = 0. Is (288 - c) + x + 5 composite?
True
Let c(p) be the first derivative of p**3 - 7*p**2/2 - p - 11. Is c(7) a composite number?
False
Suppose -14*d + 2242 = 5*d. Suppose n - 1047 + d = 0. Is n prime?
True
Suppose 551 = -2*l - 35. Let v = l - -504. Is v a composite number?
False
Let w = -18 - -21. Suppose -w*p - 5*x = -47, 27 = -4*p + 2*x + 107. Let a = 282 + p. Is a prime?
False
Let w(t) = -t**2 - 6*t + 7. Let o be w(-7). Suppose 5*l = -o*l - 70. Is (-369)/(-7) + (-4)/l a prime number?
True
Suppose -3*t + 3*z - z = -23, 0 = 3*t + z - 38. Suppose 5*y = 5*q - 35, -8*y - t = 3*q - 3*y. Let v(l) = 5*l**3 - l**2 - 3*l + 1. Is v(q) a prime number?
False
Let h = 116 + -113. Is ((-7731)/(-63))/(h/21) composite?
False
Let g(z) = -3*z**2 - z + 2. Let u be g(2). Let r be 12*(-2)/u*-4. Is 14*38/r*-2 prime?
False
Suppose -2*t - 3*t + 25 = -5*